ase 15, what is -44b16c2 - -2?
-44b16c0
In base 2, what is 1000000 + 101000001010111100001010?
101000001010111101001010
In base 6, what is -200442 + 3051?
-153351
In base 5, what is -11442144 + -12?
-11442211
In base 3, what is -20 - 10222021101221?
-10222021102011
In base 2, what is -1111010000111001 - -1111100?
-1111001110111101
In base 2, what is -1000011010111000100010001 + -1?
-1000011010111000100010010
In base 15, what is 1480 + -a0?
13d0
In base 5, what is -2120132013 + 342?
-2120131121
In base 4, what is 0 + 1030000332122?
1030000332122
In base 10, what is -6653344 - 5?
-6653349
In base 9, what is -2680661 + 16?
-2680644
In base 13, what is 132 + a7870?
a79a2
In base 8, what is -30111 + 130?
-27761
In base 16, what is -c43196f - 3?
-c431972
In base 3, what is 210202 + -112022110?
-111111201
In base 10, what is -66530 - 990?
-67520
In base 3, what is 102010 - -1022100?
1201110
In base 2, what is 10010010100110011011101101000 - 100?
10010010100110011011101100100
In base 5, what is -23033244 + 13?
-23033231
In base 9, what is -20251031 + -1?
-20251032
In base 10, what is 1467 + 191757?
193224
In base 12, what is 793a8b - 4?
793a87
In base 2, what is -11000110001111100101 + -1?
-11000110001111100110
In base 11, what is -1aa8a - -93?
-1a9a7
In base 12, what is -50 - aa362?
-aa3b2
In base 3, what is -11021222222 + -10102?
-11022010101
In base 10, what is 162626 - -1589?
164215
In base 16, what is 161 + -303f9?
-30298
In base 15, what is -13 - 224bc?
-224d0
In base 6, what is -54 + -24413340?
-24413434
In base 14, what is -2 + 552617?
552615
In base 14, what is 30 + -169947?
-169917
In base 10, what is 8975 + 1652?
10627
In base 13, what is -5772780b + 5?
-57727806
In base 7, what is 20335 - -25456?
46124
In base 3, what is 1220 + 10022200022101?
10022200101021
In base 6, what is -1133521 + 3?
-1133514
In base 11, what is 585807a3 - -1?
585807a4
In base 16, what is -5cbf - -120?
-5b9f
In base 13, what is 633532c0 + 2?
633532c2
In base 14, what is -1 - -3c737?
3c736
In base 8, what is 34142716 + -22?
34142674
In base 15, what is 10dbb8 + -52e?
10d689
In base 13, what is -1 + 5221b63?
5221b62
In base 16, what is -19808 + -181?
-19989
In base 14, what is -159749 - -59?
-1596d0
In base 9, what is -28 + -1737377?
-1737416
In base 11, what is -817982 - -36?
-817947
In base 13, what is 400 + 9782?
9b82
In base 8, what is -2647 + -252515?
-255364
In base 13, what is -c47ca - 7?
-c4804
In base 8, what is 602541 + -2?
602537
In base 16, what is -1a - b385?
-b39f
In base 2, what is -1000011111111 + -1100001000110100?
-1101001100110011
In base 13, what is -2928b4 + 21?
-292893
In base 10, what is 1330966 + 374?
1331340
In base 5, what is 3 - 333222042?
-333222034
In base 11, what is -a41a + 4082?
-6348
In base 12, what is 327126 - -30a?
327434
In base 12, what is 61 - 1581999?
-1581938
In base 7, what is 342 + 25620406?
25621051
In base 7, what is 40141 + -1062?
36046
In base 8, what is -2512376 + -2?
-2512400
In base 12, what is 2899 + 1316?
3bb3
In base 2, what is -110011110011 + 10011110111111001?
10011000100000110
In base 11, what is -147605 + 22?
-147593
In base 14, what is -4 - 42c3a5?
-42c3a9
In base 13, what is 2 + -1b0167?
-1b0165
In base 5, what is -30203102 - -30?
-30203022
In base 9, what is -10547 - 656?
-11314
In base 13, what is -2395 - -37ac?
1417
In base 6, what is 304 + 10045?
10353
In base 9, what is -2858 - 20860?
-23828
In base 12, what is -15 - -b102b?
b1016
In base 14, what is 10d07a + -6?
10d074
In base 15, what is -1 + -1dd01cd?
-1dd01ce
In base 16, what is 3 + -2053444?
-2053441
In base 2, what is 110 + 10001011011011000111?
10001011011011001101
In base 15, what is -1a - ed428?
-ed443
In base 3, what is -12 + -1200012000112221?
-1200012000120010
In base 14, what is -23 - -81465?
81442
In base 15, what is -2b - -48306?
482ca
In base 12, what is 7 - 66a4395?
-66a438a
In base 6, what is -4112 - 221513?
-230025
In base 10, what is -58 + -64535?
-64593
In base 4, what is 3003002 + 23?
3003031
In base 12, what is -41 + 75211?
75190
In base 4, what is 210333213 - 2101301?
202231312
In base 5, what is 0 - -21143323130?
21143323130
In base 2, what is 110101 + -111001000010010000101?
-111001000010001010000
In base 7, what is 43032001 + -22?
43031646
In base 11, what is -1a73 - 93655?
-95618
In base 14, what is b2 + 199bad?
199c81
In base 8, what is 2004206 - 2?
2004204
In base 3, what is 120120202 + 1011200?
121202102
In base 11, what is 7396046 + 1?
7396047
In base 6, what is -43 - 10002255?
-10002342
In base 2, what is 10010010110110001010 + 100?
10010010110110001110
In base 13, what is -9 + -3c37ab?
-3c37b7
In base 11, what is 9018191 + 12?
90181a3
In base 14, what is 3 - -116299?
11629c
In base 8, what is 26704 + -1002?
25702
In base 16, what is -4 + -38db92?
-38db96
In base 4, what is 122001120 + 30202?
122031322
In base 6, what is -4 - 25212223212?
-25212223220
In base 6, what is 5 - -35524444?
35524453
In base 5, what is -2 + -1204444224?
-1204444231
In base 5, what is -40303134 - 3432?
-40312121
In base 4, what is -213133 + 1302?
-211231
In base 12, what is -b - 289074?
-289083
In base 10, what is 155387 - -6?
155393
In base 6, what is -5235544 - -5152?
-5230352
In base 2, what is -111011 - -11000100111010001?
11000100110010110
In base 11, what is 15 + -1a73a8?
-1a7393
In base 12, what is 2004341 + 9?
200434a
In base 7, what is -11254200404 - 1?
-11254200405
In base 16, what is 12c4838 - 20?
12c4818
In base 2, what is 1010011100111 - -10111001000?
1101010101111
In base 15, what is -19dd + -349?
-1d37
In base 7, what is -14021656 + 304?
-14021352
In base 7, what is -232 + 644463?
644231
In base 9, what is 5 - -340853485?
340853501
In base 8, what is -325123162 - 1?
-325123163
In base 11, what is 8 + -9549a0?
-954993
In base 12, what is -16273 - 41?
-162b4
In base 12, what is -13 + -1547106?
-1547119
In base 2, what is 11100000010001101 + 111110?
11100000011001011
In base 12, what is -852 + -129448?
-12a09a
In base 12, what is -15 + 590131?
590118
In base 2, what is 110111001111000111011 - 110?
110111001111000110101
In base 9, what is 830100 + 156?
830256
In base 6, what is -35513222 - -1121?
-35512101
In base 8, what is 366750 - 2225?
364523
In base 2, what is -110001100010001 - 11?
-110001100010100
In base 16, what is 16a - -e8eb7?
e9021
In base 12, what is 253051a + -2?
2530518
In base 16, what is -1956ed - 6?
-1956f3
In base 11, what is -a831965 - 2?
-a831967
In base 8, what is 31 - -11123310?
11123341
In base 14, what is 5c + -19d79?
-19d1b
In base 16, what is -2f73d + -5b?
-2f798
In base 15, what is 20d2d - 19e?
20b7e
In base 8, what is 214110 - -12166?
226276
In base 11, what is 4a9a817 - 19?
4a9a7a9
In base 4, what is -21113121223 - -1?
-21113121222
In base 7, what is -2 - -11340320?
11340315
In base 2, what is -1 - 111100100111001101100?
-111100100111001101101
In base 15, what is 3 + 17c83d7?
17c83da
In base 10, what is -41 - -4224699?
4224658
In base 4, what is -132131232300 + 3?
-132131232231
In base 7, what is -5 + -11312013?
-11312021
In base 6, what is 251051 - -14141?
305232
In base 2, what is -100 + 10100001010110101011010110?
10100001010110101011010010
In base 9, what is -1304 + 2570?
1265
In base 9, what is -13 - -334514?
334501
In base 8, what is 13052 + -543?
12307
In base 3, what is -1201221111110210002 - 1?
-1201221111110210010
In base 16, what is -9 + -7f8?
-801
In base 8, what is 40162 - -1364?
41546
In base 13, what is 5453b50b + -4?
5453b507
In base 16, what is 12eeb + -3b4?
12b37
In base 13, what is -453593 + 17?
-453579
In base 4, what is 103330313000 + -1311?
103330311023
In base 6, what is 22035041 - -342?
22035423
In base 16, what is 1b - 1f3d33?
-1f3d18
In base 15, what is c857b194 + 2?
c857b196
In base 5, what is -4 + -1121302423?
-1121302432
In base 8, what is 330736 - -1516?
332454
In base 15, what is 951b + 1c?
9538
In base 5, what is -1101 + 1331?
230
In base 2, what is 110110010110101 - -10001100100000?
1000111111010101
In base 12, what is 11a917 - 0?
11a917
In base 16, what is -3c1f6 + 1f?
-3c1d7
In base 4, what is -233 - -100312133?
100311300
In base 8, what is 40416354 - -45?
40416421
In base 3, what is -10 - 120121021211002?
-120121021211012
In base 4, what is -31 + 302011?
301320
In ba